{"version":"1.0","provider_name":"Sindit\u00eaxtil-SP","provider_url":"https:\/\/sinditextilsp.org.br\/home","author_name":"Sindit\u00eaxtil-SP","author_url":"https:\/\/sinditextilsp.org.br\/home\/author\/sinditextilsp\/","title":"Sustentabilidade Ambiental na Cadeia da Moda - Sindit\u00eaxtil-SP","type":"rich","width":600,"height":338,"html":"<blockquote class=\"wp-embedded-content\" data-secret=\"PfEPkjmVbv\"><a href=\"https:\/\/sinditextilsp.org.br\/home\/2025\/06\/sustentabilidade-ambiental-na-cadeia-da-moda\/\">Sustentabilidade Ambiental na Cadeia da Moda<\/a><\/blockquote><iframe sandbox=\"allow-scripts\" security=\"restricted\" src=\"https:\/\/sinditextilsp.org.br\/home\/2025\/06\/sustentabilidade-ambiental-na-cadeia-da-moda\/embed\/#?secret=PfEPkjmVbv\" width=\"600\" height=\"338\" title=\"&#8220;Sustentabilidade Ambiental na Cadeia da Moda&#8221; &#8212; Sindit\u00eaxtil-SP\" data-secret=\"PfEPkjmVbv\" frameborder=\"0\" marginwidth=\"0\" marginheight=\"0\" scrolling=\"no\" class=\"wp-embedded-content\"><\/iframe><script>\n\/*! This file is auto-generated *\/\n!function(d,l){\"use strict\";l.querySelector&&d.addEventListener&&\"undefined\"!=typeof URL&&(d.wp=d.wp||{},d.wp.receiveEmbedMessage||(d.wp.receiveEmbedMessage=function(e){var t=e.data;if((t||t.secret||t.message||t.value)&&!\/[^a-zA-Z0-9]\/.test(t.secret)){for(var s,r,n,a=l.querySelectorAll('iframe[data-secret=\"'+t.secret+'\"]'),o=l.querySelectorAll('blockquote[data-secret=\"'+t.secret+'\"]'),c=new RegExp(\"^https?:$\",\"i\"),i=0;i<o.length;i++)o[i].style.display=\"none\";for(i=0;i<a.length;i++)s=a[i],e.source===s.contentWindow&&(s.removeAttribute(\"style\"),\"height\"===t.message?(1e3<(r=parseInt(t.value,10))?r=1e3:~~r<200&&(r=200),s.height=r):\"link\"===t.message&&(r=new URL(s.getAttribute(\"src\")),n=new URL(t.value),c.test(n.protocol))&&n.host===r.host&&l.activeElement===s&&(d.top.location.href=t.value))}},d.addEventListener(\"message\",d.wp.receiveEmbedMessage,!1),l.addEventListener(\"DOMContentLoaded\",function(){for(var e,t,s=l.querySelectorAll(\"iframe.wp-embedded-content\"),r=0;r<s.length;r++)(t=(e=s[r]).getAttribute(\"data-secret\"))||(t=Math.random().toString(36).substring(2,12),e.src+=\"#?secret=\"+t,e.setAttribute(\"data-secret\",t)),e.contentWindow.postMessage({message:\"ready\",secret:t},\"*\")},!1)))}(window,document);\n\/\/# sourceURL=https:\/\/sinditextilsp.org.br\/home\/wp-includes\/js\/wp-embed.min.js\n<\/script>\n","thumbnail_url":"https:\/\/sinditextilsp.org.br\/home\/wp-content\/uploads\/2025\/06\/Captura-de-Tela-2025-06-02-a\u0300s-15.43.55.png","thumbnail_width":1268,"thumbnail_height":560,"description":"O Sindit\u00eaxtil-SP, como membro do Comit\u00ea da Cadeia Produtiva da Moda (COMMODA) da FIESP, convida sua empresa a participar do Levantamento Preliminar de Sustentabilidade Ambiental \u2013 uma iniciativa para impulsionar a sustentabilidade no setor t\u00eaxtil e de confec\u00e7\u00e3o. Sua contribui\u00e7\u00e3o \u00e9 essencial para o avan\u00e7o do&nbsp;Projeto COMMODA Sustent\u00e1vel: Rumo \u00e0 COP30. O objetivo deste levantamento [&hellip;]"}

Sinditêxtil-SP

Sustentabilidade Ambiental na Cadeia da Moda - Sinditêxtil-SP

<blockquote class="wp-embedded-content" data-secret="PfEPkjmVbv"><a href="https://sinditextilsp.org.br/home/2025/06/sustentabilidade-ambiental-na-cadeia-da-moda/">Sustentabilidade Ambiental na Cadeia da Moda</a></blockquote><iframe sandbox="allow-scripts" security="restricted" src="https://sinditextilsp.org.br/home/2025/06/sustentabilidade-ambiental-na-cadeia-da-moda/embed/#?secret=PfEPkjmVbv" width="600" height="338" title="&#8220;Sustentabilidade Ambiental na Cadeia da Moda&#8221; &#8212; Sinditêxtil-SP" data-secret="PfEPkjmVbv" frameborder="0" marginwidth="0" marginheight="0" scrolling="no" class="wp-embedded-content"></iframe><script>
/*! This file is auto-generated */
!function(d,l){"use strict";l.querySelector&&d.addEventListener&&"undefined"!=typeof URL&&(d.wp=d.wp||{},d.wp.receiveEmbedMessage||(d.wp.receiveEmbedMessage=function(e){var t=e.data;if((t||t.secret||t.message||t.value)&&!/[^a-zA-Z0-9]/.test(t.secret)){for(var s,r,n,a=l.querySelectorAll('iframe[data-secret="'+t.secret+'"]'),o=l.querySelectorAll('blockquote[data-secret="'+t.secret+'"]'),c=new RegExp("^https?:$","i"),i=0;i<o.length;i++)o[i].style.display="none";for(i=0;i<a.length;i++)s=a[i],e.source===s.contentWindow&&(s.removeAttribute("style"),"height"===t.message?(1e3<(r=parseInt(t.value,10))?r=1e3:~~r<200&&(r=200),s.height=r):"link"===t.message&&(r=new URL(s.getAttribute("src")),n=new URL(t.value),c.test(n.protocol))&&n.host===r.host&&l.activeElement===s&&(d.top.location.href=t.value))}},d.addEventListener("message",d.wp.receiveEmbedMessage,!1),l.addEventListener("DOMContentLoaded",function(){for(var e,t,s=l.querySelectorAll("iframe.wp-embedded-content"),r=0;r<s.length;r++)(t=(e=s[r]).getAttribute("data-secret"))||(t=Math.random().toString(36).substring(2,12),e.src+="#?secret="+t,e.setAttribute("data-secret",t)),e.contentWindow.postMessage({message:"ready",secret:t},"*")},!1)))}(window,document);
//# sourceURL=https://sinditextilsp.org.br/home/wp-includes/js/wp-embed.min.js
</script>

O Sinditêxtil-SP, como membro do Comitê da Cadeia Produtiva da Moda (COMMODA) da FIESP, convida sua empresa a participar do Levantamento Preliminar de Sustentabilidade Ambiental – uma iniciativa para impulsionar a sustentabilidade no setor têxtil e de confecção. Sua contribuição é essencial para o avanço do&nbsp;Projeto COMMODA Sustentável: Rumo à COP30. O objetivo deste levantamento [&hellip;]
