{"id":798,"date":"2021-08-06T16:15:03","date_gmt":"2021-08-06T19:15:03","guid":{"rendered":"https:\/\/sinditextilsp.org.br\/home\/?page_id=798"},"modified":"2021-08-26T18:54:52","modified_gmt":"2021-08-26T21:54:52","slug":"lgpd","status":"publish","type":"page","link":"https:\/\/sinditextilsp.org.br\/home\/lgpd\/","title":{"rendered":"LGPD"},"content":{"rendered":"<p>A Lei Geral de Prote\u00e7\u00e3o de Dados (LGPD), Lei n\u00ba 13.709\/2018, estabelece regras sobre como os dados pessoais de pessoa f\u00edsica, devem ser tratados nos meios f\u00edsicos ou digitais. O objetivo da lei \u00e9 proteger os seus direitos de liberdade e privacidade.<\/p>\n<p>Como titular dos seus dados pessoais, voc\u00ea tem direitos sobre eles, os quais podem ser exercidos a qualquer tempo.<\/p>\n<p>Para acessar suas informa\u00e7\u00f5es, solicitar altera\u00e7\u00e3o de algum dado ou simplesmente a sua exclus\u00e3o, utilize o formul\u00e1rio abaixo. Sua requisi\u00e7\u00e3o ser\u00e1 avaliada e respondida dentro do prazo estabelecido legalmente, conforme a ordem cronol\u00f3gica de recebimento.<\/p>\n<form action=\"\/home\/wp-admin\/admin-ajax.php#wpcf7-f802-o3\" method=\"post\" novalidate=\"novalidate\" data-status=\"init\"><input name=\"_wpcf7\" type=\"hidden\" value=\"802\" \/><\/p>\n<p><a href=\"https:\/\/sinditextilsp.org.br\/home\/wp-content\/uploads\/2021\/08\/POLITICA-DE-PRIVACIDADE-Sinditextil-julho-2021.pdf\">Clique aqui<\/a> e veja a pol\u00edtica de privacidade do Sindit\u00eaxtil-SP.<\/p>\n<p>&nbsp;<\/p>\n<p><input name=\"_wpcf7_posted_data_hash\" type=\"hidden\" value=\"\" \/><\/p>\n<\/form>\n<p><label> Seu nome<br \/>\n<input name=\"your-name\" size=\"40\" type=\"text\" value=\"\" aria-required=\"true\" aria-invalid=\"false\" \/> <\/label><\/p>\n<p><label> Seu email<br \/>\n<input name=\"your-email\" size=\"40\" type=\"email\" value=\"\" aria-required=\"true\" aria-invalid=\"false\" \/> <\/label><\/p>\n<p><label> CPF<br \/>\n<input name=\"your-cpf\" type=\"number\" value=\"\" aria-required=\"true\" aria-invalid=\"false\" \/> <\/label><\/p>\n<p><label> RG<br \/>\n<input name=\"your-rg\" type=\"number\" value=\"\" aria-required=\"true\" aria-invalid=\"false\" \/> <\/label><\/p>\n<p><label> Requisi\u00e7\u00e3o<br \/>\n<textarea cols=\"40\" name=\"your-message\" rows=\"10\" aria-invalid=\"false\"><\/textarea> <\/label><\/p>\n<p><label> Aceito fornecer os dados acima para tratamento dessa requisi\u00e7\u00e3o<br \/>\n<label><input name=\"radio-194\" type=\"radio\" value=\"Sim\" \/>Sim<\/label><label><input name=\"radio-194\" type=\"radio\" value=\"N\u00e3o\" \/>N\u00e3o<\/label><\/label><\/p>\n<p><input type=\"submit\" value=\"ENVIAR\" \/><\/p>\n<p>Para exercer qualquer um dos seus direitos, ou se voc\u00ea tiver outras d\u00favidas sobre o uso de seus dados pessoais, entre em contato com nosso DPO\/ Encarregado de Dados: Rosane Ramos dos Santos Tanabe pelo e-mail:\u00a0<a href=\"https:\/\/sinditextilsp.org.br\/home\/lgpd\/dpo@sinditextilsp.org.br\">dpo@sinditextilsp.org.br<\/a><\/p>\n","protected":false},"excerpt":{"rendered":"<p>A Lei Geral de Prote\u00e7\u00e3o de Dados (LGPD), Lei n\u00ba 13.709\/2018, estabelece regras sobre como os dados pessoais de pessoa f\u00edsica, devem ser tratados nos meios f\u00edsicos ou digitais. O objetivo da lei \u00e9 proteger os seus direitos de liberdade e privacidade. Como titular dos seus dados pessoais, voc\u00ea tem direitos sobre eles, os quais [&hellip;]<\/p>\n","protected":false},"author":2,"featured_media":0,"parent":0,"menu_order":0,"comment_status":"closed","ping_status":"closed","template":"","meta":{"footnotes":""},"class_list":["post-798","page","type-page","status-publish","hentry"],"yoast_head":"<!-- This site is optimized with the Yoast SEO plugin v22.8 - https:\/\/yoast.com\/wordpress\/plugins\/seo\/ -->\n<title>LGPD - Sindit\u00eaxtil-SP<\/title>\n<meta name=\"robots\" content=\"index, follow, max-snippet:-1, max-image-preview:large, max-video-preview:-1\" \/>\n<link rel=\"canonical\" href=\"https:\/\/sinditextilsp.org.br\/home\/lgpd\/\" \/>\n<meta property=\"og:locale\" content=\"pt_BR\" \/>\n<meta property=\"og:type\" content=\"article\" \/>\n<meta property=\"og:title\" content=\"LGPD - Sindit\u00eaxtil-SP\" \/>\n<meta property=\"og:description\" content=\"A Lei Geral de Prote\u00e7\u00e3o de Dados (LGPD), Lei n\u00ba 13.709\/2018, estabelece regras sobre como os dados pessoais de pessoa f\u00edsica, devem ser tratados nos meios f\u00edsicos ou digitais. O objetivo da lei \u00e9 proteger os seus direitos de liberdade e privacidade. Como titular dos seus dados pessoais, voc\u00ea tem direitos sobre eles, os quais [&hellip;]\" \/>\n<meta property=\"og:url\" content=\"https:\/\/sinditextilsp.org.br\/home\/lgpd\/\" \/>\n<meta property=\"og:site_name\" content=\"Sindit\u00eaxtil-SP\" \/>\n<meta property=\"article:publisher\" content=\"https:\/\/www.facebook.com\/sinditextilsp\" \/>\n<meta property=\"article:modified_time\" content=\"2021-08-26T21:54:52+00:00\" \/>\n<meta name=\"twitter:card\" content=\"summary_large_image\" \/>\n<meta name=\"twitter:site\" content=\"@SinditextilSP\" \/>\n<meta name=\"twitter:label1\" content=\"Est. tempo de leitura\" \/>\n\t<meta name=\"twitter:data1\" content=\"1 minuto\" \/>\n<script type=\"application\/ld+json\" class=\"yoast-schema-graph\">{\"@context\":\"https:\/\/schema.org\",\"@graph\":[{\"@type\":\"WebPage\",\"@id\":\"https:\/\/sinditextilsp.org.br\/home\/lgpd\/\",\"url\":\"https:\/\/sinditextilsp.org.br\/home\/lgpd\/\",\"name\":\"LGPD - Sindit\u00eaxtil-SP\",\"isPartOf\":{\"@id\":\"https:\/\/sinditextilsp.org.br\/home\/#website\"},\"datePublished\":\"2021-08-06T19:15:03+00:00\",\"dateModified\":\"2021-08-26T21:54:52+00:00\",\"breadcrumb\":{\"@id\":\"https:\/\/sinditextilsp.org.br\/home\/lgpd\/#breadcrumb\"},\"inLanguage\":\"pt-BR\",\"potentialAction\":[{\"@type\":\"ReadAction\",\"target\":[\"https:\/\/sinditextilsp.org.br\/home\/lgpd\/\"]}]},{\"@type\":\"BreadcrumbList\",\"@id\":\"https:\/\/sinditextilsp.org.br\/home\/lgpd\/#breadcrumb\",\"itemListElement\":[{\"@type\":\"ListItem\",\"position\":1,\"name\":\"In\u00edcio\",\"item\":\"https:\/\/sinditextilsp.org.br\/home\/\"},{\"@type\":\"ListItem\",\"position\":2,\"name\":\"LGPD\"}]},{\"@type\":\"WebSite\",\"@id\":\"https:\/\/sinditextilsp.org.br\/home\/#website\",\"url\":\"https:\/\/sinditextilsp.org.br\/home\/\",\"name\":\"Sindit\u00eaxtil-SP\",\"description\":\"Sindicato T\u00eaxtil de S\u00e3o Paulo\",\"potentialAction\":[{\"@type\":\"SearchAction\",\"target\":{\"@type\":\"EntryPoint\",\"urlTemplate\":\"https:\/\/sinditextilsp.org.br\/home\/?s={search_term_string}\"},\"query-input\":\"required name=search_term_string\"}],\"inLanguage\":\"pt-BR\"}]}<\/script>\n<!-- \/ Yoast SEO plugin. -->","yoast_head_json":{"title":"LGPD - Sindit\u00eaxtil-SP","robots":{"index":"index","follow":"follow","max-snippet":"max-snippet:-1","max-image-preview":"max-image-preview:large","max-video-preview":"max-video-preview:-1"},"canonical":"https:\/\/sinditextilsp.org.br\/home\/lgpd\/","og_locale":"pt_BR","og_type":"article","og_title":"LGPD - Sindit\u00eaxtil-SP","og_description":"A Lei Geral de Prote\u00e7\u00e3o de Dados (LGPD), Lei n\u00ba 13.709\/2018, estabelece regras sobre como os dados pessoais de pessoa f\u00edsica, devem ser tratados nos meios f\u00edsicos ou digitais. O objetivo da lei \u00e9 proteger os seus direitos de liberdade e privacidade. Como titular dos seus dados pessoais, voc\u00ea tem direitos sobre eles, os quais [&hellip;]","og_url":"https:\/\/sinditextilsp.org.br\/home\/lgpd\/","og_site_name":"Sindit\u00eaxtil-SP","article_publisher":"https:\/\/www.facebook.com\/sinditextilsp","article_modified_time":"2021-08-26T21:54:52+00:00","twitter_card":"summary_large_image","twitter_site":"@SinditextilSP","twitter_misc":{"Est. tempo de leitura":"1 minuto"},"schema":{"@context":"https:\/\/schema.org","@graph":[{"@type":"WebPage","@id":"https:\/\/sinditextilsp.org.br\/home\/lgpd\/","url":"https:\/\/sinditextilsp.org.br\/home\/lgpd\/","name":"LGPD - Sindit\u00eaxtil-SP","isPartOf":{"@id":"https:\/\/sinditextilsp.org.br\/home\/#website"},"datePublished":"2021-08-06T19:15:03+00:00","dateModified":"2021-08-26T21:54:52+00:00","breadcrumb":{"@id":"https:\/\/sinditextilsp.org.br\/home\/lgpd\/#breadcrumb"},"inLanguage":"pt-BR","potentialAction":[{"@type":"ReadAction","target":["https:\/\/sinditextilsp.org.br\/home\/lgpd\/"]}]},{"@type":"BreadcrumbList","@id":"https:\/\/sinditextilsp.org.br\/home\/lgpd\/#breadcrumb","itemListElement":[{"@type":"ListItem","position":1,"name":"In\u00edcio","item":"https:\/\/sinditextilsp.org.br\/home\/"},{"@type":"ListItem","position":2,"name":"LGPD"}]},{"@type":"WebSite","@id":"https:\/\/sinditextilsp.org.br\/home\/#website","url":"https:\/\/sinditextilsp.org.br\/home\/","name":"Sindit\u00eaxtil-SP","description":"Sindicato T\u00eaxtil de S\u00e3o Paulo","potentialAction":[{"@type":"SearchAction","target":{"@type":"EntryPoint","urlTemplate":"https:\/\/sinditextilsp.org.br\/home\/?s={search_term_string}"},"query-input":"required name=search_term_string"}],"inLanguage":"pt-BR"}]}},"_links":{"self":[{"href":"https:\/\/sinditextilsp.org.br\/home\/wp-json\/wp\/v2\/pages\/798","targetHints":{"allow":["GET"]}}],"collection":[{"href":"https:\/\/sinditextilsp.org.br\/home\/wp-json\/wp\/v2\/pages"}],"about":[{"href":"https:\/\/sinditextilsp.org.br\/home\/wp-json\/wp\/v2\/types\/page"}],"author":[{"embeddable":true,"href":"https:\/\/sinditextilsp.org.br\/home\/wp-json\/wp\/v2\/users\/2"}],"replies":[{"embeddable":true,"href":"https:\/\/sinditextilsp.org.br\/home\/wp-json\/wp\/v2\/comments?post=798"}],"version-history":[{"count":16,"href":"https:\/\/sinditextilsp.org.br\/home\/wp-json\/wp\/v2\/pages\/798\/revisions"}],"predecessor-version":[{"id":910,"href":"https:\/\/sinditextilsp.org.br\/home\/wp-json\/wp\/v2\/pages\/798\/revisions\/910"}],"wp:attachment":[{"href":"https:\/\/sinditextilsp.org.br\/home\/wp-json\/wp\/v2\/media?parent=798"}],"curies":[{"name":"wp","href":"https:\/\/api.w.org\/{rel}","templated":true}]}}